{"id":1052,"date":"2023-09-26T13:07:50","date_gmt":"2023-09-26T10:07:50","guid":{"rendered":"https:\/\/tip-70.fi\/tipfi\/?page_id=1052"},"modified":"2025-09-05T09:15:57","modified_gmt":"2025-09-05T06:15:57","slug":"1-divisioona","status":"publish","type":"page","link":"https:\/\/tip-70.fi\/tipfi\/1-divisioona\/","title":{"rendered":"1-divisioona"},"content":{"rendered":"<p>Kakkosjoukkueemme pelaa kaudella 2025\/2026 1-divisioonaa. Otteluohjelma ja tulokset l\u00f6ytyv\u00e4t <a href=\"https:\/\/www.sptl.fi\/sptl_uudet\/?page_id=272\">t\u00e4\u00e4lt\u00e4<\/a>.<\/p>\n<p><strong>TIP-70 2:<br \/>\n<\/strong>Jussi M\u00e4kel\u00e4<br \/>\nMarek Viskman<br \/>\nJohn Enriquez<\/p>\n<p>(yht.hl\u00f6 Samuli Soine)<\/p>\n","protected":false},"excerpt":{"rendered":"<p>Kakkosjoukkueemme pelaa kaudella 2025\/2026 1-divisioonaa. Otteluohjelma ja tulokset l\u00f6ytyv\u00e4t t\u00e4\u00e4lt\u00e4. TIP-70 2: Jussi M\u00e4kel\u00e4 Marek Viskman John Enriquez (yht.hl\u00f6 Samuli Soine)<\/p>\n","protected":false},"author":5,"featured_media":1406,"parent":0,"menu_order":0,"comment_status":"closed","ping_status":"closed","template":"","meta":{"footnotes":""},"class_list":["post-1052","page","type-page","status-publish","has-post-thumbnail","hentry"],"_links":{"self":[{"href":"https:\/\/tip-70.fi\/tipfi\/wp-json\/wp\/v2\/pages\/1052","targetHints":{"allow":["GET"]}}],"collection":[{"href":"https:\/\/tip-70.fi\/tipfi\/wp-json\/wp\/v2\/pages"}],"about":[{"href":"https:\/\/tip-70.fi\/tipfi\/wp-json\/wp\/v2\/types\/page"}],"author":[{"embeddable":true,"href":"https:\/\/tip-70.fi\/tipfi\/wp-json\/wp\/v2\/users\/5"}],"replies":[{"embeddable":true,"href":"https:\/\/tip-70.fi\/tipfi\/wp-json\/wp\/v2\/comments?post=1052"}],"version-history":[{"count":11,"href":"https:\/\/tip-70.fi\/tipfi\/wp-json\/wp\/v2\/pages\/1052\/revisions"}],"predecessor-version":[{"id":1513,"href":"https:\/\/tip-70.fi\/tipfi\/wp-json\/wp\/v2\/pages\/1052\/revisions\/1513"}],"wp:featuredmedia":[{"embeddable":true,"href":"https:\/\/tip-70.fi\/tipfi\/wp-json\/wp\/v2\/media\/1406"}],"wp:attachment":[{"href":"https:\/\/tip-70.fi\/tipfi\/wp-json\/wp\/v2\/media?parent=1052"}],"curies":[{"name":"wp","href":"https:\/\/api.w.org\/{rel}","templated":true}]}}